{"id":11607,"date":"2021-04-04T13:30:24","date_gmt":"2021-04-04T11:30:24","guid":{"rendered":"https:\/\/dev.hebro-chemie.de\/shop\/?page_id=11607"},"modified":"2021-08-23T07:03:11","modified_gmt":"2021-08-23T05:03:11","slug":"agb-hebro-chemie","status":"publish","type":"page","link":"https:\/\/www.hebro-chemie.de\/shop\/agb-hebro-chemie\/","title":{"rendered":"AGB hebro chemie"},"content":{"rendered":"\t\t<div data-elementor-type=\"wp-page\" data-elementor-id=\"11607\" class=\"elementor elementor-11607\" data-elementor-post-type=\"page\">\n\t\t\t\t\t\t<section class=\"has_eae_slider elementor-section elementor-top-section elementor-element elementor-element-025452c elementor-section-boxed elementor-section-height-default elementor-section-height-default\" data-eae-slider=\"45152\" data-id=\"025452c\" data-element_type=\"section\" data-e-type=\"section\">\n\t\t\t\t\t\t<div class=\"elementor-container elementor-column-gap-default\">\n\t\t\t\t\t<div class=\"has_eae_slider elementor-column elementor-col-100 elementor-top-column elementor-element elementor-element-f5a25e1\" data-eae-slider=\"42011\" data-id=\"f5a25e1\" data-element_type=\"column\" data-e-type=\"column\">\n\t\t\t<div class=\"elementor-widget-wrap elementor-element-populated\">\n\t\t\t\t\t\t<div class=\"elementor-element elementor-element-988a9f4 elementor-widget elementor-widget-heading\" data-id=\"988a9f4\" data-element_type=\"widget\" data-e-type=\"widget\" data-widget_type=\"heading.default\">\n\t\t\t\t<div class=\"elementor-widget-container\">\n\t\t\t\t\t<h2 class=\"elementor-heading-title elementor-size-default\">BVB \/ Allgemeine Gesch\u00e4fts&shy;bedingungen (AGB)<\/h2>\t\t\t\t<\/div>\n\t\t\t\t<\/div>\n\t\t\t\t<div class=\"elementor-element elementor-element-a921de1 elementor-widget elementor-widget-text-editor\" data-id=\"a921de1\" data-element_type=\"widget\" data-e-type=\"widget\" data-widget_type=\"text-editor.default\">\n\t\t\t\t<div class=\"elementor-widget-container\">\n\t\t\t\t\t\t\t\t\t<section id=\"sp-main-body\"><div class=\"container\"><div class=\"container-inner\"><div class=\"row\"><p><strong>Allgemeine Gesch\u00e4ftsbedingungen<\/strong> <a href=\"https:\/\/www.hebro-chemie.de\/shop\/wp-content\/uploads\/sites\/2\/2021\/08\/agb-shop.pdf\" target=\"_blank\" rel=\"noopener\">(als PDF)<\/a><\/p><ol><li>Allgemeines, Geltungsbereich<ol><li>Unsere Verkaufsbedingungen gelten nur gegen\u00fcber Unternehmern (\u00a7 14 BGB). Sie gelten auch f\u00fcr alle k\u00fcnftigen Gesch\u00e4fte mit dem Besteller.<\/li><li>Die Verkaufsbedingungen gelten ausschlie\u00dflich. Entgegenstehende oder von unseren Verkaufsbedingungen abweichende Bedingungen des Bestellers erkennen wir nicht an, auch nicht durch vorbehaltlose Vertragsdurchf\u00fchrung.<\/li><li>Soweit sich aus diesen Verkaufsbedingungen nicht anderes ergibt, geltendie Begriffe und Definitionen der INCOTERMS 2010.<\/li><\/ol><\/li><li>Vertragsschluss<ol><li>Unsere Angebote sind bez\u00fcglich Preis, Menge, Lieferfrist und Lieferm\u00f6glichkeit freibleibend. Ebenso sind technische Beschreibungen und sonstige Angaben in Angeboten, Prospekten und sonstigen Informationen zun\u00e4chst unverbindlich.<\/li><li>Auftr\u00e4ge bed\u00fcrfen unserer schriftlichen Best\u00e4tigung. Anstelle dieser kann bei kurzfristiger Lieferung die ausgestellte Rechnung treten.<\/li><li>M\u00fcndliche Vereinbarungen sind f\u00fcr uns nur verbindlich, wenn und soweit wir sie schriftlich best\u00e4tigen. Angaben im Sinne des Absatz 1 sowie \u00c4u\u00dferungen durch uns und unsere Gehilfen (\u00a7 434\u00a0 Abs. 1 Satz 3 BGB) werden nur Bestandteil der Leistungsbeschreibung, wenn im Vertag ausdr\u00fccklich darauf Bezug genommen wird.<\/li><li>Bei Kauf nach Muster sind wir bestrebt, in der Qualit\u00e4t und Ausf\u00fchrung des Musters zu liefern; geringf\u00fcgige Abweichungen begr\u00fcnden kein R\u00fcgerecht des Bestellers.<\/li><\/ol><\/li><li>Preis<ol><li>Sofern nicht anders angegeben, verstehen sich unsere Preise \u201eFrachtfrei versichert (CIP)\u201c und einschlie\u00dflich Normalverpackung.<\/li><li>Die Preise verstehen sich ohne Mehrwertsteuer; sie wird in gesetzlicher H\u00f6he am Tage der Rechnungsstellung in der Rechnung gesondert ausgewiesen.<\/li><\/ol><\/li><li>Lieferung und Gefahr\u00fcbergang<ol><li>der Umfang unserer Lieferpflicht ergibt sich ausschlie\u00dflich aus dem Vertrag. Ver\u00e4nderungen, die auf einer Verbesserung der Technik oder auf Forderungen des Gesetzgebers beruhen, bleiben vorbehalten, soweit die \u00c4nderungen nicht wesentlich oder sonst f\u00fcr den Besteller nicht unzumutbar sind.<\/li><li>Erf\u00fcllungsort ist unser Gesch\u00e4ftssitz. Sofern sich aus der Auftragsbest\u00e4tigung nichts anderes ergibt, ist Lieferung \u201eFrachtfrei versichert (CIP)\u201c vereinbart.<\/li><li>Unsere Lieferverpflichtung gilt als erf\u00fcllt, sobald die Ware unser Werk verlassen hat oder dem Besteller die Versandbereitschaft mitgeteilt ist. Die Gefahr geht mit der \u00dcbergabe an den Spediteur, Frachtf\u00fchrer oder die sonst mit der Bef\u00f6rderung beauftragten Personen oder Anstalt sp\u00e4testens jedoch mit dem Verlassen des Werkes, auf den Besteller \u00fcber. Dies gilt auch dann, wenn wir es \u00fcbernehmen, die Ware zu der mit dem Transport beauftragten Person oder Anstalt zu schaffen. Versandweg und Versandart werden von uns gew\u00e4hlt; eventuelle W\u00fcnsche des Bestellers werden dabei nach M\u00f6glichkeit ber\u00fccksichtigt.<\/li><\/ol><\/li><li>Grundwasserschutz<ol><li>Mit der Inbesitznahme der Ware geht alle Verantwortung und Verpflichtung aus dem Wasserhaushaltgesetz und dem Gesetzt zur Reinhaltung der Bundeswasserstra\u00dfen auf den Besteller \u00fcber. Dieser ist verpflichtet, die Ware unverz\u00fcglich nach Eingang und vor Verarbeitung bzw. Ver\u00e4u\u00dferung auf Richtigbefund zu pr\u00fcfen.<\/li><\/ol><\/li><li>Lieferfrist<ol><li>Liefertermine sind von der Erf\u00fcllung vereinbarter Zahlungsbedingungen abh\u00e4ngig und stehen unter dem Vorbehalt vertragsgem\u00e4\u00dfer Mitwirkung des Bestellers. Unsere Lieferpflicht ruht, solange der Besteller mit einer Verbindlichkeit im R\u00fcckstand ist. Wir behalten uns vor, die Erf\u00fcllung von Sicherheiten abh\u00e4ngig zu machen oder Vorauszahlung zu verlangen, falls Tatsachen bekannt werden, die begr\u00fcndete Zweifel an der Zahlungsf\u00e4higkeit des Bestellers entstehen lassen. Ergeben Ausk\u00fcnfte oder andere Umst\u00e4nde eine Gef\u00e4hrdung unserer Anspr\u00fcche aus dem Liefervertrag, so sind wir ohne jede Entsch\u00e4digungspflicht bei Aufrechterhaltung unserer Anspr\u00fcche auch aus Teilleistungen zum R\u00fccktritt vom Vertrag berechtigt, wenn nach einer entsprechenden Aufforderung der Besteller nicht innerhalb von 12 Werktagen Sicherheit leistet.<\/li><li>Ger\u00e4t der Besteller mit dem Abruf, der Abnahme oder Abholung der Ware in Verzug oder ist eine Verz\u00f6gerung des Versandes oder der Zustellung von ihm zu vertreten, so sind wir unbeschadet weiter gehender Anspr\u00fcche berechtigt, eine Kostenpauschale in H\u00f6he der orts\u00fcblichen Lagerkosten zu verlangen, unabh\u00e4ngig davon, ob wir die Ware bei uns oder einem Dritten einlagern. Dem Besteller bleibt der Nachweis vorbehalten, dass kein oder ein niedriger Schaden entstanden ist.<\/li><li>Werden wir selbst nicht beliefert, obwohl wir bei zuverl\u00e4ssigen Lieferanten deckungsgleiche Bestellungen aufgegeben haben, werden wir von unserer Leistungspflicht frei und k\u00f6nnen vom Vertrag zur\u00fccktreten.<\/li><li>L\u00e4sst sich die vereinbarte Frist infolge von uns nicht beherrschbaren Umst\u00e4nden bei uns oder unseren Zulieferern nicht einhalten, so verl\u00e4ngert sie sich angemessen. \u00dcber einen solchen Fall werden wir den Besteller umgehend unterrichten. Dauern die behindernden Umst\u00e4nde einen Monat nach Ablauf der vereinbarten Lieferfrist immer noch an, kann jede Seite vom Vertrag zur\u00fccktreten. Weiter gehende Anspr\u00fcche wegen von uns nicht verschuldeter \u00dcberschreitung der Lieferfrist sind ausgeschlossen.<\/li><li>Im Falle des Lieferverzuges ist der Besteller berechtigt, f\u00fcr jede vollendete Woche eine pauschalierte Verzugsentsch\u00e4digung in H\u00f6he von 3% des Lieferwertes, maximal 10% des Lieferwertes zu verlangen. Der Besteller kann uns ferner schriftlich eine angemessene Nachfrist setzten, die mindestens 15 Werktage betragen muss. Nach ihrem fruchtlosen Ablauf ist er berechtigt, vom Vertrag zur\u00fcckzutreten oder Schadenersatz statt der Leistung zu verlangen. Die Schadenersatzhaftung ist auf 50 % des eingetretenen Schadens begrenzt.<\/li><li>Absatz 5 gilt nicht, sofern der Verzug auf Vorsatz, grober Fahrl\u00e4ssigkeit oder auf einer wesentlichen Pflichtverletzung beruht. Er gilt auch nicht, sofern ein kaufm\u00e4nnisches Fixgesch\u00e4ft vereinbart wurde.<\/li><\/ol><\/li><li>Teillieferung<ol><li>Sind Teillieferungen f\u00fcr den Besteller zumutbar, k\u00f6nnen diese erfolgen und in Rechnung gestellt werden.<\/li><li>Bei Lieferung auf Abruf erlischt unsere Lieferpflicht, wenn der Besteller nicht binnen 6 Monaten nach Auftragsbest\u00e4tigung abruft.<\/li><li>Wird der Versand auf Wunsch des Bestellers verz\u00f6gert, so sind wir berechtigt, beginnend einen Monat nach Anzeige der Versandbereitschaft, anderweitig \u00fcber die bestellte Ware zu verf\u00fcgen und den Besteller mit entsprechend verl\u00e4ngerter Frist zu beliefern.<\/li><\/ol><\/li><li>Ausk\u00fcnfte und Beratung<ol><li>Ausk\u00fcnfte \u00fcber Verarbeitungs- und Anwendungsm\u00f6glichkeiten unserer Produkte, technische und anwendungstechnische Beratungen und sonstige Angaben erfolgen nach bestem Wissen unter Ausschluss jeglicher Haftung, sofern nicht Vorsatz oder grobe Fahrl\u00e4ssigkeit vorliegt. Alle Angaben, auch in Produktbeschreibung, technischen Informationen und Sicherheitsdatenbl\u00e4ttern befreien den Besteller nicht von eigenen Pr\u00fcfungen und Versuchen auf Eignung der Produkte f\u00fcr die beabsichtigten Verfahren und Zwecke.<\/li><\/ol><\/li><li>Zahlung<ol><li>Der Rechnungsbetrag ist zum F\u00e4lligkeitstermin ohne Abzug bar oder per \u00dcberweisung zu zahlen. Er gilt ab dem Datum als geleistet, ab dem uns der Betrag frei zur Verf\u00fcgung steht.<\/li><li>Wechsel \u2013 Annahme vorbehalten \u2013 werden nur erf\u00fcllungshalber unter dem Vorbehalt der Diskontierungsm\u00f6glichkeit gegen Erstattung der Bank-, Diskont, und Einziehungsspesen angenommen; die Annahme gilt nicht als Bezahlung.<\/li><li>Der Besteller hat ein Recht zur Aufrechnung oder ein Zur\u00fcckbehaltungsrecht nur wegen unbestrittener oder rechtskr\u00e4ftig festgestellter Forderungen oder Anspr\u00fcche.<\/li><li>Von Bestellern, mit denen noch keine laufende Gesch\u00e4ftsverbindung besteht, wird die Angabe von Bank- und Handelsreferenzen gew\u00fcnscht; anderenfalls sind wir berechtigt, gegen Nachname zu liefern.<\/li><\/ol><\/li><li>Untersuchungs- und R\u00fcgepflicht, Gew\u00e4hrleistung<ol><li>Den Besteller trifft im Hinblick auf Sachm\u00e4ngel die gesetzliche Untersuchungs- und R\u00fcgepflicht des \u00a7 377 HGB. M\u00e4ngelr\u00fcgen k\u00f6nnen nur dann ber\u00fccksichtigt werden, wenn sie unverz\u00fcglich, sp\u00e4testens innerhalb 8 Werktagen nach Eintreffen der Ware an der vom Besteller vorgeschriebenen Bestimmungsort schriftlich geltend gemacht werden; sie entbinden nicht von der Zahlungsverpflichtung.<\/li><li>Verborgene M\u00e4ngel sind unverz\u00fcglich nach ihrer Entdeckung anzuzeigen. Nach begonnener Verarbeitung oder Vermischung der gelieferten Waren ist jede R\u00fcge ausgeschlossen.<\/li><li>Aus Sachm\u00e4ngeln, die den Wert und die Tauglichkeit der Ware zu dem uns erkennbaren Gebrauch nicht oder nur unwesentlich beeintr\u00e4chtigen, kann der Besteller keine Rechte herleiten.<\/li><li>Weist die Ware bei Gefahr\u00fcbergang einen Sachmangel auf, so sind wir zur Nacherf\u00fcllung berechtigt und verpflichtet. Die Nacherf\u00fcllung erfolgt nach unserer Wahl durch Nachbesserung oder Ersatzlieferung. Die Kosten der Nacherf\u00fcllung, insbesondere Transport-, Wege-, Arbeits- und Materialkosten, gehen zu unseren Lasten. Machen diese Kosten mehr als 50% des Lieferwertes aus, so sind wir berechtigt die Nacherf\u00fcllung zu verweigern.<\/li><li>Sofern die Nacherf\u00fcllung fehlschl\u00e4gt oder in einer vom Besteller gesetzten angemessenen Frist nicht erfolgt oder von uns verweigert wird, ist der Besteller nach seiner Wahl berechtigt, vom Vertrag zur\u00fcckzutreten, eine dem Mangelunwert entsprechende Herabsetzung des Kaufpreises ( Minderung) oder \u2013 in den Grenzen der nachstehenden Abs\u00e4tze \u2013 Schadenersatz statt der Leistung zu verlangen.<\/li><li>F\u00fchrt ein Sachmangel zu einem Schaden, so haften wir nach gesetzlichen Bestimmungen, sofern es sich um einen Personenschaden handelt, der Schaden unter das ProdHaftG f\u00e4llt oder auf Vorsatz oder grober Fahrl\u00e4ssigkeit beruht.<\/li><li>Sofern der Schaden auf einer schuldhaften Verletzung einer wesentlichen Vertragspflicht oder einer \u201eKardinalpflicht\u201c beruht, haften wir im \u00dcbrigen nur f\u00fcr den vertragstypischen Schaden.<\/li><li>Weiter gehende vertragliche und deliktische Anspr\u00fcche des Bestellers sind ausgeschlossen. Wir haften deshalb insbesondere weder f\u00fcr Sch\u00e4den, die nicht am Liefergegenstand selbst entstanden sind; noch f\u00fcr entgangenen Gewinn oder sonstige Verm\u00f6genssch\u00e4den des Bestellers.<\/li><li>478 BGB bleibt durch die vorstehenden Abs\u00e4tze 2 bis 8 unber\u00fchrt.<\/li><\/ol><\/li><li>Sonstige Schadensersatzhaftung<ol><li>Die Bestimmungen in Nummer 9 Abs. 5 bis 7 gelten auch f\u00fcr Schadenersatzanspr\u00fcche wegen sonstiger Pflichtverletzungen.<\/li><li>Im Falle der Verletzung einer vorvertraglichen Pflicht oder eines schon bei Vertragsschluss bestehenden Leistungshindernisses (\u00a7\u00a7 311 Abs. 2, 311a BGB) beschr\u00e4nkt sich unsere Ersatzpflicht auf das negative Interesse.<\/li><li>F\u00fcr unsere Deliktshaftung gelten die Bestimmungen in Nummer 9 Abs. 5 bis 7 entsprechend.<\/li><li>Soweit unsere Haftung ausgeschlossen oder beschr\u00e4nkt ist, gilt dies auch f\u00fcr die pers\u00f6nliche Haftung unserer Angestellten, Arbeitnehmer, Mitarbeiter, Vertreter und Erf\u00fcllungsgehilfen.<\/li><\/ol><\/li><li>Verj\u00e4hrung<ol><li>Der Nacherf\u00fcllungsanspruch des Bestellers verj\u00e4hrt vorbehaltlich der $$ 438 Nr. 2, 479 BGB in zwei Jahren ab Lieferung der Ware. Dementsprechend ist das Recht auf R\u00fccktritt und Minderung nach den gesetzlichen Vorschriften ausgeschlossen.<\/li><li>F\u00fcr Schadenersatzanspr\u00fcche betr\u00e4gt die Verj\u00e4hrungsfrist vorbehaltlich der \u00a7\u00a7 438 Nr. 2, 479 BGB ein Jahr.<\/li><li>F\u00fcr Anspr\u00fcche aus dem ProdHaftG und in F\u00e4llen von Vorsatz und grober Fahrl\u00e4ssigkeit bleibt es bei der gesetzlichen Verj\u00e4hrung.<\/li><\/ol><\/li><li>Eigentumsvorbehalt<ol><li>Das Eigentum der gelieferten Ware bleibt solange vorbehalten, bis unsere s\u00e4mtlichen Forderungen gegen den Besteller aus der Gesch\u00e4ftsverbindung einschlie\u00dflich k\u00fcnftig entstehender Forderungen aus gleichzeitig oder sp\u00e4ter abgeschlossenen Vertr\u00e4gen beglichen sind. Dies gilt auch, wenn Forderungen in eine laufende Rechnung eingestellt sind und der Saldo gezogen und anerkannt ist.<\/li><li>Der Besteller ist berechtigt, die Waren im ordentlichen Gesch\u00e4ftgang zu ver\u00e4u\u00dfern oder zu verarbeiten. Etwaige Verarbeitungen nimmt er f\u00fcr uns vor, ohne dass wir hieraus verpflichtet werden. Bei Verarbeitung, Verbindung oder Vermischung der Vorbehaltsware zum Wert mit anderen Waren entsteht f\u00fcr uns grunds\u00e4tzlich ein Miteigentumsanteil an der neuen Sache, und zwar bei Verarbeitung im Verh\u00e4ltnis des Wertes ( = Rechnungsbruttowert einschlie\u00dflich Nebenkosten und Steuern) der\u2028Vorbehaltsware zum Wert der neuen Sache, bei Verbindung oder Vermischung im Verh\u00e4ltnis des Wertes der Vorbehaltsware zum Wert der neuen Sache, bei Verbindung oder Vermischung im Verh\u00e4ltnis des Wertes der Vorbehaltsware zum Wert der anderen Waren.<\/li><li>Der Besteller tritt uns hiermit alle Forderungen ab, die ihm aus der Weiterver\u00e4u\u00dferung gegen einen Abnehmer oder gegen Dritte erwachsen. Zur Einziehung dieser Forderungen bleibt er auch nach der Abtretung erm\u00e4chtigt. Unsere Befugnis, die Forderungen selbst einzuziehen, bleibt davon unber\u00fchrt; jedoch werden wir von diesem Recht keinen Gebrauch machen, solange der Besteller seinen Zahlungs- und sonstigen Verpflichtungen ordnungsgem\u00e4\u00df nachkommt. Auf Verlangen hat uns der Besteller die abgetretenen Forderungen und deren Schuldner mitzuteilen, alle zum Einzug erforderlichen Angaben zu machen, die zugeh\u00f6rigen Unterlagen auszuh\u00e4ndigen und die Schuldner von der Abtretung zu unterrichten.<\/li><li>Bei vertragswidrigem Verhalten des Bestellers, insbesondere bei Zahlungsverzug, sind wir zum R\u00fccktritt und zur R\u00fccknahme der Ware berechtigt. Zwecks R\u00fccknahme der Ware gestattet uns der Besteller hiermit unwiderruflich, seine Gesch\u00e4fts- und Lagerr\u00e4ume ungehindert zu betreten und die Ware mitzunehmen.<\/li><li>Der Besteller darf, soweit und solange der Eigentumsvorbehalt besteht, Waren oder aus diesen hergestellt Sachen ohne unsere Zustimmung weder zu Sicherung \u00fcbereignen noch verpf\u00e4nden. Abschl\u00fcsse von Finanzierungsvertr\u00e4gen (z.B. Leasing), die die \u00dcbereignung unserer Vorbehaltsrechte einschlie\u00dfen, bed\u00fcrfen unserer vorherigen schriftlichen Zustimmung, sofern nicht der Vertrag das Finanzierungsinstitut verpflichtet, den uns zustehenden Kaufpreisanteil unmittelbar an uns zu zahlen.<\/li><li>Bei Pf\u00e4ndung und sonstigen Eingriffen Dritter hat uns der Besteller unverz\u00fcglich schriftlich zu benachrichtigen. Ihm ist untersagt, mit seinen Abnehmern Abreden zu treffen, die unsere Rechte beeintr\u00e4chtigen k\u00f6nnen.<\/li><li>Wir verpflichten uns, die uns zustehenden Sicherheiten auf Verlangen des Bestellers und nach unsere Wahl insoweit freizugeben, als der realisierbare Wert der Sicherheiten die zu sichernden Forderungen um mehr als 20% oder ihren Nennbetrag um mehr als 50% \u00fcbersteigt.<\/li><\/ol><\/li><li>Allgemeines, Erf\u00fcllungsort und Gerichtsstand.<ol><li>Die Rechte des Bestellers aus diesem Vertrag sind nicht \u00fcbertragbar.<\/li><li>Die Unwirksamkeit einzelner Bestimmungen ber\u00fchrt die Wirksamkeit der \u00fcbrigen nicht.<\/li><li>Ist der Besteller Kaufmann, so ist Gerichtsstand f\u00fcr alle Streitigkeiten mit ihm M\u00f6nchengladbach. Dieser Gerichtsstand ist nicht ausschlie\u00dflich.<\/li><li>Es gilt ausschlie\u00dflich deutsches Recht unter Ausschluss des UN-Kaufrechts (CISG)<\/li><\/ol><\/li><\/ol><p>\u00a0<\/p><\/div><\/div><\/div><\/section>\t\t\t\t\t\t\t\t<\/div>\n\t\t\t\t<\/div>\n\t\t\t\t\t<\/div>\n\t\t<\/div>\n\t\t\t\t\t<\/div>\n\t\t<\/section>\n\t\t\t\t<\/div>\n\t\t","protected":false},"excerpt":{"rendered":"<p>BVB \/ Allgemeine Gesch\u00e4fts&shy;bedingungen (AGB) Allgemeine Gesch\u00e4ftsbedingungen (als PDF) Allgemeines, Geltungsbereich Unsere Verkaufsbedingungen gelten nur gegen\u00fcber Unternehmern (\u00a7 14 BGB). Sie gelten auch f\u00fcr alle k\u00fcnftigen Gesch\u00e4fte mit dem Besteller. Die Verkaufsbedingungen gelten ausschlie\u00dflich. Entgegenstehende oder von unseren Verkaufsbedingungen abweichende Bedingungen des Bestellers erkennen wir nicht an, auch nicht durch vorbehaltlose Vertragsdurchf\u00fchrung. Soweit sich aus &#8230; <a title=\"AGB hebro chemie\" class=\"read-more\" href=\"https:\/\/www.hebro-chemie.de\/shop\/agb-hebro-chemie\/\" aria-label=\"Mehr Informationen \u00fcber AGB hebro chemie\">Weiterlesen<\/a><\/p>\n","protected":false},"author":2,"featured_media":0,"parent":0,"menu_order":0,"comment_status":"closed","ping_status":"closed","template":"","meta":{"_acf_changed":false,"footnotes":""},"class_list":["post-11607","page","type-page","status-publish"],"acf":[],"_links":{"self":[{"href":"https:\/\/www.hebro-chemie.de\/shop\/wp-json\/wp\/v2\/pages\/11607","targetHints":{"allow":["GET"]}}],"collection":[{"href":"https:\/\/www.hebro-chemie.de\/shop\/wp-json\/wp\/v2\/pages"}],"about":[{"href":"https:\/\/www.hebro-chemie.de\/shop\/wp-json\/wp\/v2\/types\/page"}],"author":[{"embeddable":true,"href":"https:\/\/www.hebro-chemie.de\/shop\/wp-json\/wp\/v2\/users\/2"}],"replies":[{"embeddable":true,"href":"https:\/\/www.hebro-chemie.de\/shop\/wp-json\/wp\/v2\/comments?post=11607"}],"version-history":[{"count":0,"href":"https:\/\/www.hebro-chemie.de\/shop\/wp-json\/wp\/v2\/pages\/11607\/revisions"}],"wp:attachment":[{"href":"https:\/\/www.hebro-chemie.de\/shop\/wp-json\/wp\/v2\/media?parent=11607"}],"curies":[{"name":"wp","href":"https:\/\/api.w.org\/{rel}","templated":true}]}}